6 is divided by n?
22
Let y(t) = -t**2 - 36*t + 30. Let b be y(-36). Calculate the remainder when 158 is divided by 6*b/36*8.
38
Suppose 1007*x - 2793 = 988*x. What is the remainder when x is divided by 66?
15
Suppose -952 = 41*y - 3904. Calculate the remainder when 166 is divided by y.
22
Let s(y) = -y**2 + 19. Let o be s(4). Suppose 6*i - 8*i = -2*t + 44, o*i = -5*t + 70. Calculate the remainder when 151 is divided by t.
15
Suppose -3*a + 5*h - 994 = -0*a, 0 = 5*a + 4*h + 1632. Let m = 500 + a. Calculate the remainder when m is divided by 22.
18
Let b = 5632 - 4106. Calculate the remainder when b is divided by 15.
11
Let j be (-1 + 14/8)*20. Let y be 342/133 + (-5)/((-175)/(-20)). What is the remainder when j/y*24/36 is divided by 3?
2
Suppose -2*u - 9*o = -13*o - 996, -u + 526 = 2*o. What is the remainder when u is divided by 345?
167
Suppose -2*h - 28 = -40. Suppose -h*g + 128 = -208. Suppose -g = -3*l + 238. What is the remainder when l is divided by 25?
23
Suppose 5*h - d - 132 = -4*d, -107 = -4*h - d. Let n = 3748 + -3671. What is the remainder when n is divided by h?
23
Suppose -4*n - 582 = -3*b, -4*b = -0*b - 3*n - 769. Let o = 197 - b. What is the remainder when 47 is divided by o?
5
Let x(t) = -t**2 + 19*t - 23. Suppose -3*j + 6*j - 48 = 0. Let n be x(j). What is the remainder when 62 is divided by 1 + 15 - (25 - n)?
14
Suppose 10*q = 13*q - 9. What is the remainder when 4/(q + 1) + 66 is divided by 12?
7
Let y(c) = -24*c + 289. Calculate the remainder when 195 is divided by y(8).
1
Suppose -6 = 2*c, 3*l - 2*c - 44 = 2*l. What is the remainder when 873 is divided by l?
37
Let o = -1739 + 1779. Calculate the remainder when 109 is divided by o.
29
Suppose 5*l - 1310 - 340 = 0. Let w = -247 + l. Suppose -3*v + 0*z + z = -54, 0 = 5*v - 2*z - 91. Calculate the remainder when w is divided by v.
15
Suppose -7*o - 3*h = -9*o + 153, 0 = 4*o + 5*h - 251. What is the remainder when 619 is divided by o?
67
Let r be (-1 - 11*42)*2. Let o = 1941 + r. Suppose -5*n = 2*n - o. Calculate the remainder when n is divided by 37.
34
Suppose 0 = p - 0*p + 16. Let f(x) = -x**2 - 16*x - 9. Let c be f(p). Let h(g) = -g**3 - 9*g**2 - g + 10. What is the remainder when h(c) is divided by 11?
8
Let g = 219 - 217. What is the remainder when 3 - (g - 0) - (-83 - 0) is divided by 39?
6
Calculate the remainder when ((-296)/(-1184))/(2/47504) is divided by 132.
130
Let p = 67 - 64. Suppose 3*f = -12, -1 = -p*c + 3*f - 7. What is the remainder when 30 is divided by 8/c + (-825)/(-45)?
13
Suppose 23*n - 39 - 122 = 0. Suppose -122 - 74 = -n*o. What is the remainder when o is divided by 16?
12
Suppose 5*a = -2*d - 486, 2*a - 4*d + 183 = -d. Let x = 115 + a. What is the remainder when 55 is divided by x?
17
Let h be 468/(-13)*3/(-12)*1. Suppose h*x = 7 + 1145. What is the remainder when x is divided by 4*(39/2)/3?
24
Suppose 4*q = -5*b + 3*q + 15, 0 = q. Suppose b*r - 8*r = -395. Suppose -26 = -5*i + r. Calculate the remainder when 59 is divided by i.
17
Let h be (40/(-5))/(-4) + 1. Suppose -4*n + 5 = -h*n. Suppose 304 = 9*x - n*x. Calculate the remainder when x is divided by 20.
16
Let n = -154 - -92. Suppose -29*h + 843 = -810. What is the remainder when h is divided by n/(-4)*(-4)/(-2)?
26
Let s(y) = 40*y - 624. Calculate the remainder when 766 is divided by s(18).
94
Suppose 161*o + 1162871 = -112*o + 4966034. Calculate the remainder when o is divided by 387.
386
Suppose -2690 - 852 = -22*q. What is the remainder when (q - 0) + 0/(5 - -1) is divided by 54?
53
Suppose -3*q = -4*q + 20. Let v be 212 - (-1 - 0 - -5). Let m = -132 + v. Calculate the remainder when m is divided by q.
16
Let d = 458 - 173. Let h = -243 + d. Let l(g) = -16*g**3 - g**2 + g + 1. What is the remainder when h is divided by l(-1)?
12
Let p(i) = -i**2 - 3*i + 89. Let f be p(-11). What is the remainder when ((-20)/6 - -3)/(f/(-234)) is divided by 22?
12
Suppose -797 = -12*u + 439. Let z = 117 - u. Calculate the remainder when 96 is divided by z.
12
Let j be (-1)/(1 + 318/(-315)). Let o be (96/5)/(7/(j/2)). Calculate the remainder when o/20 - -3*1/(-15) is divided by 6.
1
Let d = -26 + 26. Suppose 0 = 2*r - d - 10. What is the remainder when 99 is divided by 15/(-6)*(r - 15)?
24
Suppose 0 = -7*a + 2*a + 35. Suppose 3*k - 3*g + 364 = -2*k, g = -3*k - 224. Let y = k - -112. What is the remainder when y is divided by a?
3
Let o(f) = 64*f - 4. Let c be o(3). Let z = -90 + c. Let y = -472 - -497. Calculate the remainder when z is divided by y.
23
Suppose -3*g - 1245 = x - 3524, -3*g = 4*x - 2285. What is the remainder when g is divided by 95?
94
Let z(k) = -k**3 - 61*k**2 - 62*k - 18. What is the remainder when 146 is divided by z(-60)?
44
Suppose 3*s - 18 = -3*i, 0*i + 2*i = 2*s. Let q(d) = 46*d + 794. Calculate the remainder when 133/i + 28/42 is divided by q(-17).
9
Suppose -3*v - v - 2*n + 112 = 0, -4*v = 4*n - 112. Let s = 33415 - 33387. Calculate the remainder when s is divided by v.
0
Calculate the remainder when 26566 is divided by (-84)/(-12) + 58*3/6.
34
Let m = -1186 - -1383. Calculate the remainder when m is divided by 18.
17
Let h(y) = 4*y**2 + 152*y - 805. Let x = 3 - -5. Calculate the remainder when h(-43) is divided by x.
7
Calculate the remainder when -57 + 55 - (-134 + 0 + -1) is divided by (-50)/(-15)*(-63)/(-6).
28
Let l be 2*2/4 - -262. Let r = l - 181. Calculate the remainder when r is divided by 14.
12
Suppose -2*u = 0, -2*w = -w - 2*w + 2*u + 45. What is the remainder when 2608 is divided by w?
43
Let f(g) = 23*g - 202. What is the remainder when f(14) is divided by 74?
46
Let q(c) be the second derivative of c**5/20 - 7*c**4/12 - 7*c**3/6 - c**2 - 4*c. Let g be q(8). What is the remainder when 31 is divided by (-21)/g*(-72)/14?
13
Let q(g) = g**3 + 9*g**2 - 24*g - 18. Let h be q(-11). Suppose -50 = -3*b - h*i, 2*b = -8*i + 6*i + 30. Calculate the remainder when 48 is divided by b.
8
Suppose -4*j + 22*z + 5968 = 19*z, 9*z + 2954 = 2*j. What is the remainder when j is divided by 75?
70
Let v(z) = -z**3 + 7*z**2 - 17*z + 102. What is the remainder when 554 is divided by v(6)?
14
Let m(y) = 38*y - 22. Let x be m(-7). Let u = x - -386. Calculate the remainder when u is divided by 2/(-7) + (-316)/(-28).
10
Let c = 137 - 130. Suppose -5*p + 5*t = -c*p + 51, 0 = -p + 4*t + 19. Calculate the remainder when 40 is divided by p.
17
Let v be (-7)/(147/(-162)) - (-2)/7. What is the remainder when 131 is divided by 43 + ((-4)/(-10))/(v/20)?
43
Suppose 3171 = -34*s + 7999. Let q(z) = z**3 + 32*z**2 + z + 45. Calculate the remainder when s is divided by q(-32).
12
Let c = 338 + 205. Let u = c - 489. What is the remainder when 863 is divided by u?
53
Let n = -842 - -1520. Suppose -s = -4*s + n. Calculate the remainder when s is divided by 38.
36
Suppose v = -2*s - s + 17, 0 = 2*v - 10. Suppose -s*h - 4*x + 60 = 0, 8*h = 7*h + x + 17. Calculate the remainder when 106 is divided by h.
10
Suppose 3*m - 567 = -585, -6*m = -5*v + 8146. What is the remainder when v is divided by 7?
5
Let o = 10 - 1. What is the remainder when (-27)/(-54)*(33 - -1) is divided by o?
8
Suppose 20*n + 2667 - 7467 = 0. What is the remainder when 1698 is divided by n?
18
Let o(v) = 2*v**3 - 12*v**2 + v + 1. Suppose -g - r = 4*r - 19, 2*g - 5*r + 22 = 0. Let a(b) = 38*b**2 + 1. What is the remainder when a(g) is divided by o(6)?
4
Let c(i) = -i + 52. Calculate the remainder when 539 is divided by c(20).
27
Let i = -3553 + 3559. Calculate the remainder when 26 is divided by i.
2
Suppose 0 = 3*j - 18, -3*j + j - 37723 = -5*b. What is the remainder when b is divided by 111?
110
Let m(d) = -122 + 309 + 12*d + 70. Calculate the remainder when m(-14) is divided by 31.
27
Let m = 2207 + -2181. Calculate the remainder when m is divided by 7.
5
Let h be 1/((-8)/(-1 + 5))*2. Let t be 642*h + (8 - 11). Calculate the remainder when t/(-10) - (-1)/(-2) is divided by 22.
20
Let x be ((-7)/2 + -11)/((-1)/(-2)). Suppose -83 = 4*a + 3*z, 0 = 5*a - 2*a - 5*z + 26. Let t = a - x. Calculate the remainder when 131 is divided by t.
11
Suppose 3*f + 6 = 12. Suppose f*t - 2 = t. Suppose -t*j + 0*j + 13 = 3*q, 2*j = -4*q + 14. Calculate the remainder when 22 is divided by j.
2
Suppose 6*a - 204 = 2*a. Suppose p - 1 = -r, -4*r = 1 - 9. Calculate 